f**3 + 36*f**2 + 4*f + 143. Let s(v) = -3*c(v) - 2*p(v). Give s(-30).
3
Let k(z) = -z**2 + 8*z - 2. Let g(n) = n**2 - 8*n + 1. Let u(h) = 3*g(h) + 2*k(h). Suppose 28*p + 210 = 63*p. Calculate u(p).
-13
Let d(q) be the second derivative of q**4/12 + 10*q**3/3 - 23*q**2 + 123*q + 3. Determine d(-22).
-2
Suppose 3*i - 2*t + 175 = 8*i, -4*t = 4*i - 128. Let r = i - 35. Let n be (-1)/2*-6 + r + 0. Let c(v) = -v**3 + 6*v**2 - 8*v + 7. Determine c(n).
-8
Let r(s) = -4*s + 544 + s - 4*s**2 - 5*s**2 + 24*s**2 - 545 - 13*s**2. Let y = 4 - 7. Determine r(y).
26
Let q(b) be the first derivative of b**2 + 7*b - 28. Let j be q(-2). Suppose -n + j*n = -i, n + 20 = 2*i. Let v(o) = -o**3 + 9*o**2 - 5*o - 4. What is v(i)?
20
Let t(p) = p**3 + 21*p**2 + 20*p - 9. Suppose -2*v - 3*n + 62 = -6*v, -5*n = -4*v - 50. What is t(v)?
-9
Let k(z) = 5*z**2 + 7*z + 6. Let u(v) = 6*v**2 + 8*v + 7. Let i(q) = -5*k(q) + 4*u(q). Let b be i(-2). Let o(g) = -5 + 1 - 4 + b - g**2. Give o(0).
-8
Let q(f) be the first derivative of 2*f**3 - 3*f**2/2 + 7*f - 7546. Give q(3).
52
Let b = 6 + -4. Let j(k) = 2*k - 2. Let q be j(2). Let n(v) = -1 + q*v**2 + 27*v - 3*v**2 + 2*v**3 - 10*v - 8*v - 8*v. Determine n(b).
13
Let h be (5/(-3))/(1/(-3)). Let l(f) = 31*f + f**2 - 33*f - 685156 + 685152. Calculate l(h).
11
Let m(y) = 4*y**2 - 5*y - 14. Let z be m(-3). Suppose -3*x = 10 - z. Let f(i) = -i + 14. Calculate f(x).
5
Let v = 17 - -3. Suppose -60*l + 2*l = 28*l. Let m(j) = 6*j + l*j - 3*j - v + 17. Calculate m(2).
3
Suppose -4*g = -12*o + 15*o + 53, 2*g + 25 = -3*o. Let x(m) = -25*m - 349. Determine x(g).
1
Let j(b) = -967*b**2 + 46 + 2892*b**2 - 969*b**2 - 958*b**2 - 75*b. Determine j(-38).
8
Let q(h) be the first derivative of -11*h**3/3 - 2*h**2 + 2*h - 2588. Determine q(-2).
-34
Let y(d) = 28*d + 19*d + 17*d + 15 - 65*d. Calculate y(-4).
19
Let i(b) = b - 2. Let a(q) = -10*q + 14. Let o(x) = -40*x + 52. Let r(y) = -9*a(y) + 2*o(y). Let s(g) = -12*i(g) + r(g). Determine s(3).
-4
Let u(w) = -35*w + 58. Let z(l) = -33*l + 51. Let v(d) = 7*u(d) - 8*z(d). Calculate v(-1).
-21
Suppose 26*z - 42 + 0 = 10. Let s(b) be the first derivative of 6*b - 1/3*b**3 - 9 + 9/2*b**z. Determine s(8).
14
Suppose -8*y + 13*y - 55 = 0. Let d(m) = y - 3 + 1 + 3*m - 4. Give d(4).
17
Let l(h) be the first derivative of h**4/2 + 11*h**3/3 - 2*h**2 - 2*h - 2029. Calculate l(-6).
-14
Suppose 0 = -5*r + 25, -4*y + 17 = r - 12. Let c(z) be the first derivative of y - 1/3*z**3 - z + 5/2*z**2. Give c(5).
-1
Let i(u) = -u**2 + u + 4. Let r be (-2 - (-56)/20) + (-152)/40. Calculate i(r).
-8
Let d(r) be the second derivative of -r**4/24 - r**3/6 - 8*r**2 - 2*r + 25. Let u(v) be the first derivative of d(v). Calculate u(-6).
5
Suppose 4*i + 16 = 4*u, 3*u = 187*i - 182*i + 24. Let k(p) = 10*p - 17. Determine k(i).
-77
Let v(p) = 4*p**2 + 2*p - 3. Let h(l) be the first derivative of l + 0*l**2 + 5 - 1/3*l**3. Let w(y) = -10*h(y) - 2*v(y). Give w(4).
12
Let w(y) be the third derivative of -y**6/120 - 11*y**5/60 - 11*y**4/8 - 4*y**3/3 + 3*y**2 - 181*y. Give w(-6).
10
Let p(x) = -x**3 - 3*x**2 + 11*x - 4. Let n = -2867 - -2862. Determine p(n).
-9
Let m(j) = 175 + 159 + 200*j - 379*j + 220*j - 4. What is m(-8)?
2
Suppose -2*c = -2*j - 4, 2*c + 5*j = 15 + 3. Let u(v) = v**3 - 1544*v**2 - c*v + 1 - 5*v + 1540*v**2. What is u(6)?
19
Let p(z) = 5*z + 15. Let b(f) = -f**3 + 14. Let h be b(0). Suppose h*o - 2*t = 15*o + 1, -t = 3*o + 13. Give p(o).
-10
Let q = -10549 - -10552. Let v(t) = -3*t**3 + 4*t**2 + 3*t. Determine v(q).
-36
Let i be (-3)/(-9) - 10/3. Let b be (-4)/3*i + 0. Let p(r) = -b*r - 32 + 3*r + 27. Determine p(-6).
1
Let y(h) be the third derivative of h**5/60 + 7*h**4/24 - h**3/3 - 26609*h**2. Let i be (6/15 - 0)*-15. What is y(i)?
-8
Let h(n) = n**3 - 7*n**2 - 21*n + 39. Let x = -12103 + 12112. Calculate h(x).
12
Suppose 0 = 23*y - 637 + 982. Let m(n) = 4*n**2 + 56*n - 57. Give m(y).
3
Let g = -27 - -27. Let u(v) = -v**2 + 5. Let o be u(g). Let s be (o/(-2))/((-6)/(-4) - 1). Let n(i) = -3*i + 2. Calculate n(s).
17
Let g(f) = f**3 + 25*f**2 - 54*f + 1. Let a(x) = -3*x**2 - 289*x + 463. Let u be a(-98). Give g(u).
1
Let c(s) = -2 + 13*s + 1 + s. Suppose 8*f - 99 - 37 = 0. Suppose -4*j - f = -6*j - 5*k, -2*j = 4*k - 14. What is c(j)?
13
Let x(i) = i**3 - 7*i**2 - 9*i + 6. Let z be (-1)/(18/(-4)) + (-14)/63. Let w(r) = 3*r**2 - r + 8. Let j be w(z). Determine x(j).
-2
Suppose -2 = 4*k - 14. Let y(u) = -6*u**k - u**3 - u**3. Let w(d) = -418*d + 9195. Let o be w(22). Determine y(o).
8
Let m(a) = 2*a + 17*a + 98 - 6*a - 4*a - 2*a. Calculate m(-13).
7
Let w(b) = -97*b**2 + 4*b + 27 - 8 + 94*b**2 - 12 - 10. Let s be (-2 + 3)/((-1)/(-2)). Give w(s).
-7
Let x be 5436/(-132) + (-4)/(-22). Let p = x - -47. Suppose p*f + 71 = 29. Let t(r) = -r**3 - 8*r**2 - 7*r - 8. What is t(f)?
-8
Let x(m) be the second derivative of m**4/4 + m**3/6 + m**2/2 + m. Suppose -68 = -3*a - 2*z, -a - z + 10 = -13. Suppose 27*p + a = -32. What is x(p)?
11
Suppose 0 = 11*o - 24*o + 39. Let y(z) = 303*z**3 - z + 0*z - 3*z**2 + 1 - 302*z**o + 2*z. What is y(2)?
-1
Let p(t) = t**2 + 0*t**2 + 199275 - 199281. Calculate p(4).
10
Let r(h) be the first derivative of -5*h**2/2 + 155*h - 578. Determine r(32).
-5
Let w(r) = -194 + 596 - 259 - 220 + 3*r. Calculate w(27).
4
Let s(f) = f**3 + 7*f**2 + 7*f + 11. Let r be s(-6). Let h(n) = 3*n - 7. Let o be h(r). Let q(z) = -2 - z**3 + 2*z**3 + 0*z + 2*z - 3*z**2 - o*z. Give q(5).
18
Let y(p) = 10*p + 1. Let w = -6669 - -6667. Give y(w).
-19
Suppose 6*h = -41 - 37. Let z be 18/(-21) + -2 + h/(-7). Let m(l) = 26*l. Determine m(z).
-26
Suppose -207 = -11*p + 35. Let z(t) = t**3 - 21*t**2 - 20*t - 43. Give z(p).
1
Let u(z) = z**3 - z**2 - z + 2. Let m be u(0). Let i be (-3)/((16/80)/(m/5)). Let a(s) be the third derivative of -s**5/60 - s**4/4 + 61*s**2. Give a(i).
0
Let n(k) be the second derivative of -1/20*k**5 + 2*k + 1/6*k**4 + 3/2*k**2 + 1/2*k**3 - 52. What is n(3)?
3
Let s(q) = 8*q**2 + 42*q - 28. Let i be s(-6). Let l(z) = -z**2 + 7*z + 18. Calculate l(i).
10
Suppose -3*f = -3*m + 12, 1252*f - 4*m = 1255*f + 19. Let z(o) = 10 - 5*o + 4*o + 4*o. Calculate z(f).
-5
Let m(a) = 3*a - 34. Let j(x) = -x**3 - 13*x**2 - 19*x + 46. Let v be j(-11). Give m(v).
5
Let k(y) be the third derivative of -y**5/30 - y**4/3 - 5*y**3/6 + 4*y**2 - 37*y. Determine k(-5).
-15
Let p(z) be the second derivative of -z**5/20 - z**4/2 - z**3/6 - z**2/2 + 638*z. Suppose -5*o = 2*s + 29, 2*o - 3*s = 7*o + 31. Give p(o).
-21
Suppose 0 = -i + 2 + 2. Suppose -18*h + 13*h + 30 = 0. Let y(b) = 7*b + 0 + 0*b - i - h*b. Give y(4).
0
Let m(r) = 68*r + 28. Let q(s) = 152*s + 58. Let g(b) = 9*m(b) - 4*q(b). What is g(-2)?
12
Let z(g) = -g**3 - 4*g**2 + 3*g**2 + 3*g**2 + 4*g - 2. Suppose r + 5*i - 70 = 6*r, 5*i = -r - 26. Let k be 18/(-24)*r/4. Give z(k).
1
Let g(i) = i**3 + 6 + 9*i**2 + 2 + 6023*i - 6022*i. Calculate g(-9).
-1
Let l(c) = 3*c - 4. Let f be l(3). Let i(h) be the third derivative of h**6/120 - h**5/15 - h**4/24 + 2*h**3/3 - 6*h**2 + 3. What is i(f)?
24
Let a = 25 - -6. Let s = 34 - a. Let u(x) = 0*x + 4 + s*x + 3*x + x**2. Calculate u(-6).
4
Let t(b) be the third derivative of 3*b**5/10 - b**4/12 + b**3/3 + 3404*b**2. Give t(2).
70
Let a = -74 - -24. Let r = a - -55. Suppose -3*i + 32 = r*b, 1 = -2*b + 3. Let j(t) = t**3 - 9*t**2 - t + 13. What is j(i)?
4
Let g = 99 - 167. Let o = g + 62. Let w(u) = u + 5. What is w(o)?
-1
Let n(d) be the first derivative of -3*d**2/2 + 6*d + 32. Let l be -6*(-1 - 4/(-6)). Suppose -2*k - l + 12 = 0. Give n(k).
-9
Let q(h) = -65*h - 56. Let i(g) = -117*g - 108. Let s(l) = -6*i(l) + 11*q(l). What is s(3)?
-7
Let d(z) = -51*z**2 + 105*z - 61. Let q(r) = -29*r**2 + 57*r - 30. Let n(x) = -4*d(x) + 7*q(x). Calculate n(17).
-34
Let c(x) = 7*x**2 + 10*x + 14. Let m(h) = -4*h**2 + 3*h - 3. Let s(i) = c(i) + 2*m(i). Give s(16).
8
Let r(p) = -50*p + 2. Let l(u) = 455*u - 45. Let b(y) = 2*l(y) + 18*r(y). Calculate b(5).
-4
Let c(d) be the second derivative of d**6/240 - 3*d**5/20 + d**4/12 - 2*d**2 + 46*d - 2. Let f(j) be the third derivative of c(j). What is f(8)?
6
Let j(s) = -67 - 671*s - 655*s - s**3 + 1351*s - 41 + 13 + 4*s**2. Determine j(5).
5
Let w(s) be the third derivative of s**5/60 - 7*s**4/8 + 3*s**3/